
Suppose 3 = w - 3*y, 2*w - 3*y + 21 = -6*y. Let c be (5/3)/(w/(-18)). Let d(r) = r - r - c*r + 4*r. What is d(-2)?
2
Let d(c) = c**3 + c**2 - 10. Suppose 3*a + 2 + 3 = -2*w, 4*a - 4*w = 0. Let y(r) = r**2 - 1. Let h be y(a). Calculate d(h).
-10
Let p(j) be the third derivative of j**4/6 - j**3/2 - 105*j**2. What is p(-4)?
-19
Let c = 6 - 1. Let i(m) = -5*m - m + c*m - 1 + 4. Calculate i(3).
0
Let p(a) = -12*a - 15. Let f be p(-2). Let d(o) = -o + 10. Calculate d(f).
1
Let l be (3 + -13)*(-4)/8. Let g = 9 - l. Let c(u) = -4 - 5*u**3 - g*u**3 + u + 7*u**2 + 3*u**3 + 5*u**3. What is c(7)?
3
Let r be (0 - -1)*(-25)/(-5). Suppose 3*y - d = -22, r*d + 0 - 2 = -3*y. Let l(b) = -b**2 - 4*b + 7. What is l(y)?
-5
Let h(k) = -3 + 5*k**3 + 201*k**2 - 6*k**3 - 4*k - 205*k**2. Let a be (-2 + 1)*(0 + 2). Determine h(a).
-3
Let t(h) = -h + 29. Let s(c) = 3*c - 84. Let p(f) = 4*s(f) + 11*t(f). What is p(10)?
-7
Let b = -3178 + 3170. Let f(v) = v**2 + 8*v + 3. Let x(a) = a**2 + 8*a + 3. Let m(u) = 5*f(u) - 4*x(u). What is m(b)?
3
Suppose 0 = -4*a - 4*o + 32, 4*a + 4*o + o - 31 = 0. Let q(s) = s - 6. Give q(a).
3
Let u(z) be the third derivative of z**5/60 + z**4/4 + z**3/2 + 2*z**2. Suppose -3*m + 5 = y - 16, 3*m = 15. Suppose -2*n = 2 + y. Determine u(n).
-5
Let z(v) = 3*v + 10. Let t(u) = -7*u**3 + 2*u**2 + 2*u - 2. Let i be t(1). Let h be z(i). Let n(k) = k**3 + 6*k**2 + 4*k - 5. Determine n(h).
0
Let v(y) = y**3 + y**2 + y + 1. Let l(m) = -2*m**3 + 4*m**2 - 2*m + 1. Let c(q) = -l(q) - v(q). Calculate c(0).
-2
Let h(d) be the second derivative of d**3/6 + d**2/2 - 2*d. Suppose 24 + 20 = 4*t. Suppose 6 = -p + t. Calculate h(p).
6
Let f(s) = -3*s**3 + 6*s**2 + 4*s - 3. Let q(y) = -y**3 - y + 1. Let i(n) = -f(n) + 2*q(n). What is i(5)?
-50
Let i(h) be the second derivative of -3*h**3 - h**2/2 - 17*h + 1. What is i(-1)?
17
Let w be 1/1 - 1 - 1. Let d(g) = -14*g**2 - 25*g - 7. Let r(p) = 41*p**2 + 71*p + 20. Let n(z) = 17*d(z) + 6*r(z). Determine n(w).
8
Let r(m) = -m**3 + 17*m**2 - 30*m + 2. Let z be r(15). Let p(x) = 2*x**3 - 2*x**2 + 4*x. Calculate p(z).
16
Let v(a) = a**3 - 25*a**2 + 18*a + 148. Let z be v(24). Let f(k) be the first derivative of 7 - 7/2*k**2 - 1/4*k**z - 6*k - 2*k**3. Determine f(-5).
4
Let s(y) = y**3 + y. Suppose 2*i - 42 = 34. Let v = i - 26. Suppose 0 = -5*j + v - 2. Give s(j).
10
Let m(w) = -6*w - 11. Let k(r) = -5*r - 8. Let h(f) = 4*k(f) - 3*m(f). What is h(-3)?
7
Let j(u) be the second derivative of -u**5/20 - 23*u**2/2 + 68*u + 2. Calculate j(0).
-23
Let m be ((-9)/(-2))/((-12)/(-24)). Let u(p) = 3*p**3 - 2*p**3 + 4 + 3 - 9*p**2 + 0*p**3. Calculate u(m).
7
Let h(d) = -15*d - 10. Let w(t) = t + 1. Let s(n) = -h(n) - 20*w(n). What is s(-5)?
15
Let g be (-32)/(-8)*((-5 - -1) + 3). Let b(t) = 0*t**2 - 2*t**2 - 5 - 7*t + t**2. Determine b(g).
7
Let r(c) = c**2 + 8. Let v(l) = l**2 + 7. Let b(n) = -6*r(n) + 7*v(n). Suppose -152 = -38*q + 76*q. Calculate b(q).
17
Let r be (52/(-12) + 3)*(-153)/2. Suppose -r = -15*u - 12. Let p(m) = -1. Let h(w) = -w - 11. Let t(d) = -h(d) + 4*p(d). Give t(u).
13
Let s be (0/(-7))/(-1*4). Let z(v) = -v**2 + s + 0 - 8 + 8*v. Give z(6).
4
Let z be -2 + (-39)/(-36) + 1. Let v(m) be the third derivative of 4*m**2 - 2/3*m**3 + 0 + z*m**4 + 0*m + 1/60*m**5. What is v(-5)?
11
Let w(k) = -3*k**3 - 10 + 7*k**2 - 2080*k + 0*k**3 + 2083*k + 2*k**3. Calculate w(7).
11
Let c(d) be the second derivative of d**4/12 - 7*d**3/6 - 5*d**2/2 - 2*d + 8. Determine c(6).
-11
Let y be 3/4 - (-183)/12. Suppose -y*n = -17*n + 9. Suppose -6 = n*r - 6*r. Let v(p) = p**2 + 4*p + 2. What is v(r)?
-2
Let v(t) = -3*t + 3 - 3*t + t**3 - 32*t**2 + 68*t**2 - 31*t**2. Suppose 0 = -4*o - 5*g + 84, 2*g = 5*o + 7*g - 105. Let z = 15 - o. Calculate v(z).
3
Let s(n) = n + 1. Let a(g) = -g**3 + 5*g**2 + 3*g + 10. Let l be a(6). Let r be 4/l + (-33)/(-6). Give s(r).
6
Let z(f) = -17*f + 15*f + 15 + 9 - 21. What is z(7)?
-11
Let t(l) = -16*l - 341. Let i be t(-22). Let j(h) = -h**2 + 7*h - 7. Calculate j(i).
-51
Let v(o) = o**3 - o + 1. Suppose 0 = 3*c - 8*c - 2*b - 86, 13 = -c + b. Let q = c - -19. Suppose -q = -p - 2. What is v(p)?
1
Let w(x) be the first derivative of 19*x**2 + x - 66. What is w(1)?
39
Let h(q) = -2*q**3 + 3*q**2 + q - 5. Let i be h(2). Let w(s) = -s**2 - 7*s + 3. What is w(i)?
3
Let j = 5227 - 5229. Let a(v) be the second derivative of -v**6/720 + v**5/120 + v**4/12 - 2*v. Let m(c) be the third derivative of a(c). Calculate m(j).
3
Let k be -7 - (7 - 6) - -9. Let p(u) = 10*u**3 - u**2 + 1. What is p(k)?
10
Let b(r) = r**3 + 5*r**2 + r + 7. Suppose -4*c = 4*f + 17 + 15, 4*c + 2*f + 26 = 0. Give b(c).
2
Let f(s) = s**2 + 1. Let d = -259 - -257. Determine f(d).
5
Let l(d) = 5*d**2 + 2 + 7*d - 2*d - d**3 - 9*d**2. What is l(-5)?
2
Let u(y) = 11*y + 10*y + 3*y - 23*y. Let f be u(3). Let w be -1 - f/((-15)/(-35)). Let r(p) = p**2 + 7*p - 7. Determine r(w).
1
Let x(t) be the first derivative of t**2/2 + 6*t - 19. What is x(-6)?
0
Suppose m + 2 = -2*w + 4, 6 = -3*w. Let s(o) = o**3 + m*o**2 + 1 + 0*o**2 - 4*o**2 + 2*o**3 + 2*o. Determine s(-1).
-2
Let v(g) = g**2 - 4*g - 14. Suppose -5*l = -5*f - 20, -5*l = -10*l - 3*f + 36. Determine v(l).
-2
Suppose 0 = 3*d + 9, 5*s - 5*d + 76 + 4 = 0. Let j = s - -28. Let z(l) = -l**2 + 9*l - 6. Calculate z(j).
-6
Let h = 9 + -3. Let b(k) = 1 - 5 - 5*k + h*k + 1. Let c be (-21)/(-9) + 2/3. Give b(c).
0
Let x(o) = 4*o**2 + 7*o + 14. Let q(l) = l**2 - l + 1. Let n(h) = -3*q(h) + x(h). Suppose w + 17 = 23*m - 25*m, 0 = 2*m + 5*w + 13. Calculate n(m).
2
Let k(z) = z + 8. Let s be ((3 - 3)/1)/2. Let p be (2 + -1)*12 + s. Let y be 45/(-12) + (-3)/p. What is k(y)?
4
Suppose -2*p - z + 3*z = 14, -3*z = -3. Let i(x) = 2. Let b(q) = q**2 - q - 1. Let a be b(2). Let c(v) = v. Let n(y) = a*c(y) - i(y). Calculate n(p).
-8
Let o(t) = -4*t + 3. Let g be 51 + (6/3 - (-2 + 5)). Let z = g + -48. What is o(z)?
-5
Let r = 292 + -289. Let c(u) = 4*u + 3. Calculate c(r).
15
Let o(h) = -h + 1. Let b(u) = 2*u - 4. Let s(k) = -b(k) - 3*o(k). Suppose 9 + 6 = -5*l. What is s(l)?
-2
Suppose 5*y + 4*z = -19, -2*y + 32 = -6*y + z. Let j(t) = t**2 + 9*t + 5. What is j(y)?
-9
Let r(i) = 3*i + 43. Suppose -10 = -5*h, 18 = -0*q - q + h. Let l be r(q). Let j(y) = y**2 + 9*y + 6. Calculate j(l).
-14
Suppose 6 = 3*v - 0. Suppose -110 = -18*j - 38. Let g(q) = -q + 2*q + 12*q**v - j + 4. What is g(1)?
13
Let q be (9 - (-143)/(-22))/((-1)/(-2)). Let x(o) be the third derivative of 0*o + 1/24*o**4 + 11*o**2 + 0 + 1/12*o**6 + 1/6*o**3 + 0*o**q. Calculate x(-1).
-10
Let x(g) be the third derivative of 21*g**2 + 0 - 1/6*g**4 + 1/60*g**5 + 1/2*g**3 + 0*g. Determine x(2).
-1
Let y(f) = 5*f + 27. Let d be y(-4). Let p(z) = -z**3 + 6*z**2 + 7*z + 7. Determine p(d).
7
Let x(f) = -3*f**3 + f**2 + 2*f - 2. Let p be x(1). Let v(i) = -23*i - 13. Let a(s) = -6*s - 3. Let g(k) = -9*a(k) + 2*v(k). Determine g(p).
-15
Let v(l) = -2*l**2 + l - 21. Let f(n) = n**2 + 3*n + 21. Let a(m) = -3*f(m) - 2*v(m). Determine a(12).
-9
Let m(l) be the third derivative of l**5/120 + l**4/3 + 2*l**3/3 + 3*l**2. Let b(t) be the first derivative of m(t). Let u = -3 + -5. Calculate b(u).
0
Let h be (-29 - 2/(-2))/(-2). Let r(y) = -h - 2*y + 3*y + 1 + 2. Let m = 88 + -82. Determine r(m).
-5
Suppose -k - 3 = 5. Let s = k - -10. Let p(n) = -n**3 + 4*n - 5*n**2 - s*n + 3 + 0*n**2 + 3*n**2. Determine p(-2).
-1
Let f = -35 + 34. Let z(l) = -l**3 + 1. Let g(u) = -4*u**3 + 5*u**2 + 9. Let i(d) = f*g(d) + 3*z(d). What is i(5)?
-6
Let n be -3 + -1 + 10/1. Let m(c) = -c**2 + c + 9. Let w(g) = g**2 - g - 10. Let v(x) = n*w(x) + 7*m(x). Give v(3).
-3
Let o(p) = -p**2 - 13*p + 15. Suppose 5*u + 75 = f + 5, -f = -2*u - 28. Calculate o(u).
1
Suppose -5 = -3*b + 2*f + 1, 5*b + 5*f = 10. Let s = -97 + 99. Let g(v) = -13*v**s + 14*v**2 - 2*v + b*v - 3. What is g(3)?
6
Let h = 3 - 5. Let u be (12/9)/(h/(-3)). Let q(f) = 1 - u*f + f - f. Give q(-2).
5
Let n = -282 - -293. Let l(i) = -i**3 + 10*i**2 + 12*i - 3. Give l(n).
8
Let a(i) = -i + 1. Let m be a(-3). Let u(o) = o - 1. Let x(g) = g**2 + 6*g - 5. Let w(f) = m*u(f) - x(f). Suppose -3*z + 6 + 0 = 0. Calculate w(z).
-7
Let f(u) = u**3 + 7*u**2 + u + 1. Let j(w) = 2*w**3 + 14*w**2 + w + 3. Let s(z) = 9*f(z) - 4*j(z). Let p(k) = k**3 + 9*k*